b - 3, 12 = -a*b - 4*b. Suppose n = 4*d - 5, -2*l - 2*d = -28. What are the prime factors of l?
2, 3
Let v(i) = 6*i**2 + 4*i - 2. List the prime factors of v(-4).
2, 3, 13
Suppose 0 = -x + 2*u + 160 - 21, 6 = -2*u. List the prime factors of x.
7, 19
Suppose 12 + 0 = -2*j. List the prime factors of ((-2)/j)/(1/51).
17
Let b(x) = 3*x**2 - 16. What are the prime factors of b(-4)?
2
Let h = -7 + 4. Let j = 2 + h. What are the prime factors of -2 - (9/j + 1)?
2, 3
Let v(i) = 4*i**3 - 3*i**2 - 4*i + 3. What are the prime factors of v(3)?
2, 3
Let d be (-8)/12 - 47/(-3). Suppose -w + 4*w - d = 0. Let i = 12 + w. What are the prime factors of i?
17
List the prime factors of (0 - -18) + (-10)/(-5).
2, 5
Let v(i) = 2*i**3 - 4*i**2 - 7*i + 1. What are the prime factors of v(5)?
2, 29
Let l be (-194)/(-2) + -2 + 5. List the prime factors of (-1)/(l/(-96) + 1).
2, 3
Let t(n) = n**2 - 4*n + 15. What are the prime factors of t(6)?
3
Let n be (1 + 5)/(15/20). Let v = -2 + n. Let x(y) = -y**2 + 8*y - 5. What are the prime factors of x(v)?
7
Suppose -4*b - 33 - 39 = 0. Let u = -13 - b. Suppose -5*g = -x - 6, -14 = 7*g - 4*g - u*x. List the prime factors of g.
2
What are the prime factors of (-1)/(-2) + (5 - 345/(-10))?
2, 5
Let b(m) = -15*m - 3. Let d be b(-2). Suppose 3*f - d = 9. What are the prime factors of f?
2, 3
Let s = 2 + -3. Let n be 15/4 + 1/4. Let r = s + n. List the prime factors of r.
3
Let d(w) = w**2 - 12*w + 20. What are the prime factors of d(-11)?
3, 7, 13
Let c be 14/(-18) + 4/(-18). List the prime factors of (c + 3)*(-5)/(-2).
5
Let x be ((-9)/6 - -1)*-6. Let n be x + 3 + (-3 - -2). Suppose n*z + 0*z = 45. What are the prime factors of z?
3
Let d(l) = l**2 + 6*l + 5. Let m be 305/(-35) + 4/(-14). What are the prime factors of d(m)?
2
Let l(w) = -w**3 + 5*w**2 + 3*w. What are the prime factors of l(5)?
3, 5
Let h = -3 + 6. List the prime factors of h/1 - 4 - -22.
3, 7
Let r = 8 + 28. Let u = r - 22. What are the prime factors of u?
2, 7
Let i(m) = 3*m**3 - m**2 - 5*m - 2. Let z(u) = u**3 + u**2. Let k(g) = -i(g) + 2*z(g). Let a be (-4)/6*-6*1. What are the prime factors of k(a)?
2, 3
Let l(s) = s + 23. What are the prime factors of l(-17)?
2, 3
Suppose q + 3*h + 15 = 4*q, 4*q + 2*h = 2. Suppose 10 = q*d - 0*d. What are the prime factors of d?
5
Suppose 5*q - 56 = 44. Suppose q = 3*i - 2*i. List the prime factors of i.
2, 5
Let t(u) = -4*u + 21. List the prime factors of t(-17).
89
Let o(w) = 34*w - 4. What are the prime factors of o(6)?
2, 5
Let q = -241 + 456. What are the prime factors of q?
5, 43
Suppose -c + 124 = 2*x, 4*c + 3*x + 496 = 8*c. What are the prime factors of c?
2, 31
Suppose 3*f + 12 = 4*c, 0 = -5*c - 0*f + 2*f + 15. Let g = 11 - c. List the prime factors of g.
2
Let m = 1 - -3. Suppose v + 99 = m*w, w - 3*v = -2*v + 24. What are the prime factors of w?
5
Let n(a) = 3 - 2 - 2 + a - 2. List the prime factors of n(6).
3
Let i(n) = n - 2. Let z be i(5). Let p(d) = -2*d + z + d + 0*d. What are the prime factors of p(-4)?
7
Let b(s) = s - 4. Let k be b(8). Suppose k*v + 28 = -0*c + 2*c, 0 = -5*v - 5. List the prime factors of c.
2, 3
Suppose -2*s - 2*n + 8 = 0, -2*s - 3*n = -3 - 5. Suppose 0 = s*i + 5*q - 151, 2*q + 2*q = 12. What are the prime factors of i?
2, 17
Suppose -3*h - 2*h + 169 = 4*w, 3*w - 5*h = 153. What are the prime factors of w?
2, 23
Suppose 3*j - 132 = -0*j. List the prime factors of j.
2, 11
Let a = -241 - -424. List the prime factors of a.
3, 61
Let k(w) = w**3 + 12*w**2 + 21*w + 18. What are the prime factors of k(-8)?
2, 53
Suppose -14*d = -13*d - 118. List the prime factors of d.
2, 59
Suppose 120 + 10 = 2*k. What are the prime factors of k?
5, 13
Suppose -1323 = -18*u + 11*u. What are the prime factors of u?
3, 7
Suppose 0 = i - 6*i - 25. Let c(f) be the second derivative of f**4/12 + f**3/3 + 3*f**2 - f. What are the prime factors of c(i)?
3, 7
Let x = -11 - -22. Let n = -7 + x. Suppose -n*i = -5 - 3. What are the prime factors of i?
2
Let o(g) = 30*g**2 + g. What are the prime factors of o(1)?
31
Let p(n) = 2*n**2 - 9*n - 9. Let g be p(-7). Suppose -4*o + 0*o + g = 0. List the prime factors of o.
2, 19
Let h = -326 - -486. List the prime factors of h.
2, 5
Suppose 0 = 4*c + 5*j + 40, -5*j = -5*c - 0*c - 5. Let p(l) = -l - 1. Let h be p(c). Let s = 4 + h. What are the prime factors of s?
2
Let f(i) = -7*i**3 + i**2 + 2*i - 6. What are the prime factors of f(-3)?
2, 3, 31
Suppose 211 = 4*w + 3*p, 0*p = w - 2*p - 50. List the prime factors of w.
2, 13
Let t be 5 + (-9)/3 + -2. Suppose t = 5*v - 19 - 11. What are the prime factors of v?
2, 3
Let a = -10 + 24. What are the prime factors of a?
2, 7
Let v be 1*-2 + (6 - 3). Let u be 1 + v - (2 - 2). Suppose -3*s = -4*s + u. List the prime factors of s.
2
Suppose 0*m = 5*m - 420. What are the prime factors of ((-3)/(-2))/(18/m)?
7
Let g(v) be the second derivative of -v**4/12 - 11*v**3/6 - 4*v**2 - 3*v. List the prime factors of g(-9).
2, 5
Let v(u) = 10*u - 3. Let d(y) = 11*y - 3. Let s(w) = -3*d(w) + 4*v(w). What are the prime factors of s(2)?
11
Let o be 3/(-9) - 1/(-3). Suppose o = -z - 2*z - 6. Let b = 11 + z. What are the prime factors of b?
3
Suppose 0*s - 10 = 5*s. Let g be 2/(-3)*(-1 + s). List the prime factors of -1 - (-5)/g*4.
3
Suppose 0 = 2*h - 291 - 261. What are the prime factors of h?
2, 3, 23
Suppose 4*j + 22 = 162. Suppose 2*x - 7*x - j = 5*n, -2*n = x + 10. Let y = 7 + n. What are the prime factors of y?
2
Suppose -4*m = -3*v + 94, 5 = -3*v + 5*m + 103. List the prime factors of v.
2, 13
Let j = -15 + 39. List the prime factors of j.
2, 3
Let v(a) = -a**2 + 8*a + 8. Let g be v(7). List the prime factors of (6/(-5))/((-6)/g).
3
List the prime factors of 254 + (0 - ((-18)/(-3) + -3)).
251
Let z = -46 + 78. What are the prime factors of z?
2
Let i(x) = x**3 - x**2 + 2. Let y be i(0). Suppose -s + 3 = 5*a, 4*s + 3*a - 12 = y*a. What are the prime factors of s?
3
Let t(b) = 8*b + 5. Let l(c) = -15*c - 9. Let n(y) = 5*l(y) + 9*t(y). List the prime factors of n(-5).
3, 5
Suppose 31 = q + 7. What are the prime factors of q?
2, 3
Suppose 3*f + 2*d + 2*d - 30 = 0, -44 = -4*f - 4*d. Let p = f + 1. List the prime factors of p.
3, 5
Let b(i) = 14*i**2 - 2*i + 1. Let q be b(1). Let d = -10 + 48. Suppose -5*y + d = q. What are the prime factors of y?
5
Let t(d) be the third derivative of d**4/24 + d**3/6 - 4*d**2. Let s be t(1). Suppose -3*r + 4*r - s = 0. List the prime factors of r.
2
Let i = 2 - 2. Suppose 2*v - 12 = -i*v. What are the prime factors of v?
2, 3
Let h(i) = -i - 1. Let r(x) = -7*x - 13. Let k(f) = 6*h(f) - r(f). What are the prime factors of k(15)?
2, 11
Suppose -b = -4*q - 158, -b + 3*b = -q + 343. What are the prime factors of b?
2, 5, 17
Let m be 20*12*2/20. Suppose 0 = -2*y - 2*y + m. List the prime factors of -2 + (4*y)/3.
2, 3
Let n = -5 - -8. Suppose -3*w + 12 - n = 0. Suppose d + 10 = w*d. List the prime factors of d.
5
Let j = -34 + 89. What are the prime factors of j?
5, 11
Let z = -7 + 8. Let k = z - -12. List the prime factors of k.
13
Suppose -4*k = 8 - 24. Let b = -3 - 0. Let t = k - b. What are the prime factors of t?
7
Suppose -20*w = -13*w - 700. List the prime factors of w.
2, 5
Let c(l) = -l**2 + l. Let k(r) = -2*r**2 - 2*r - 1. Let o(q) = -4*c(q) - k(q). Let x(t) = -t**2 + 3*t - 1. Let m be x(2). What are the prime factors of o(m)?
5
Let o(v) = -v + 8. Let q be o(8). Suppose 0 = -q*r + 3*r - w + 4, 3*r + 3*w = -12. List the prime factors of (-2)/r - (-9 + 2).
2
Let r be 14/10 + (-2)/5. Let z = -3 + r. Let w(p) = -6*p - 3. What are the prime factors of w(z)?
3
Let w(y) = 4*y**2 + 1. Let p be w(1). Let c = -6 + 11. What are the prime factors of 18/c - (-2)/p?
2
Let h = 52 - 34. Let r = -16 + 25. Let s = h - r. List the prime factors of s.
3
What are the prime factors of (8/(-1))/(1/(-3))?
2, 3
Let m(o) = -3*o - 1. Let j(g) = g. Let f(i) = 8*j(i) + 3*m(i). List the prime factors of f(-8).
5
Let j = 37 - 20. List the prime factors of j.
17
Let v(h) = h**2 - 3*h - 7. Let k be v(5). Suppose k*y - 4*a - 33 = 0, 1 = y + 2*a - 0*a. List the prime factors of y.
7
Suppose -3*f - 38 = -d - 0*f, 5*f = 2*d - 80. List the prime factors of d.
2, 5
Let b(q) = -2 + q + 3 - 8*q + 3*q. List the prime factors of b(-3).
13
Suppose b + 0*